alse
Is 4458385 prime?
False
Is 52127573 composite?
True
Is 5497369 a composite number?
True
Is 71465866 composite?
True
Is 525120313 prime?
False
Is 7682417 a composite number?
False
Is 1080669 a prime number?
False
Is 5998939 a prime number?
False
Is 3347327 a composite number?
False
Is 3827693 a composite number?
False
Is 25464943 a prime number?
False
Is 26304473 a prime number?
False
Is 26468071 composite?
True
Is 7130087 a composite number?
True
Is 126072841 a composite number?
False
Is 238796671 a composite number?
True
Is 94010201 a composite number?
False
Is 20442199 a composite number?
True
Is 42683983 prime?
True
Is 2700487 a prime number?
True
Is 1886803 a prime number?
False
Is 1833257 a composite number?
False
Is 133887653 a prime number?
False
Is 2415347 a prime number?
False
Is 202954987 a prime number?
True
Is 19637777 prime?
True
Is 85723634 composite?
True
Is 10572251 prime?
True
Is 329013403 a prime number?
True
Is 8214169 composite?
False
Is 291346291 composite?
True
Is 4614697 prime?
False
Is 354950705 prime?
False
Is 35970251 a composite number?
False
Is 4445869 a prime number?
True
Is 56269219 a prime number?
True
Is 195153865 composite?
True
Is 33085493 composite?
True
Is 868349 composite?
False
Is 176956973 prime?
True
Is 472385 a composite number?
True
Is 1514021 a composite number?
True
Is 666959 a prime number?
True
Is 3119377 a composite number?
False
Is 1063193333 prime?
True
Is 48980579 a composite number?
True
Is 12428663 composite?
True
Is 916613 composite?
False
Is 3917099 composite?
True
Is 10108169 prime?
False
Is 70328537 a prime number?
True
Is 8726671 a prime number?
True
Is 27829267 prime?
True
Is 126063419 prime?
True
Is 38896339 prime?
True
Is 409695259 composite?
False
Is 8125963 composite?
True
Is 65293343 a composite number?
True
Is 3056327 composite?
False
Is 10120339 a composite number?
False
Is 29602315 a prime number?
False
Is 22185919 prime?
False
Is 215106691 composite?
True
Is 311143 a composite number?
True
Is 3166343 a prime number?
False
Is 5821507 prime?
False
Is 3043169 prime?
True
Is 72256687 a prime number?
True
Is 87701799 a prime number?
False
Is 6707335 a prime number?
False
Is 9703487 a composite number?
True
Is 2164381 a prime number?
False
Is 3786533 a prime number?
True
Is 313030159 prime?
False
Is 1454071 prime?
True
Is 367879 a prime number?
True
Is 103537165 a prime number?
False
Is 1450490689 a composite number?
False
Is 184932467 a prime number?
False
Is 19811327 composite?
False
Is 12579019 prime?
False
Is 27979379 a prime number?
True
Is 358781 a composite number?
True
Is 73310311 a composite number?
True
Is 311871863 a composite number?
False
Is 2227163 a composite number?
False
Is 24489889 prime?
True
Is 26792633 composite?
True
Is 17616509 prime?
True
Is 47393729 a composite number?
False
Is 204284093 prime?
False
Is 183520937 prime?
False
Is 12660503 a prime number?
False
Is 62103277 a prime number?
True
Is 4702817 prime?
False
Is 29741161 composite?
False
Is 657249 prime?
False
Is 9081439 composite?
True
Is 24300877 a composite number?
True
Is 14717543 a composite number?
True
Is 785899 composite?
True
Is 11217737 a prime number?
True
Is 2876329 composite?
False
Is 8793043 composite?
True
Is 236758513 prime?
True
Is 15696281 a composite number?
True
Is 208658381 prime?
True
Is 8576681 prime?
True
Is 37956383 a prime number?
True
Is 9740461 prime?
True
Is 5591249 a composite number?
True
Is 111273923 a prime number?
False
Is 214690681 composite?
False
Is 25391111 composite?
True
Is 179892899 a prime number?
False
Is 31004809 a prime number?
False
Is 2146823 composite?
True
Is 193171997 a prime number?
True
Is 239976629 prime?
False
Is 59888117 prime?
True
Is 17815991 composite?
False
Is 191173987 a composite number?
True
Is 63633653 composite?
True
Is 10519469 prime?
False
Is 40400611 a prime number?
False
Is 5070041 a prime number?
False
Is 10196357 a prime number?
True
Is 2355493 composite?
True
Is 223314209 prime?
True
Is 4849337 a composite number?
False
Is 93169 composite?
False
Is 105181673 composite?
False
Is 224758811 a prime number?
True
Is 5551057 composite?
False
Is 2981573 prime?
False
Is 660680687 a prime number?
True
Is 43841953 prime?
True
Is 12304111 prime?
True
Is 92456207 a composite number?
False
Is 248279369 a prime number?
False
Is 6314563 prime?
True
Is 1503593417 a composite number?
False
Is 3516169 prime?
False
Is 17957 a composite number?
False
Is 454942733 prime?
False
Is 174705187 a composite number?
False
Is 676238 prime?
False
Is 16922893 a composite number?
True
Is 6613249 prime?
False
Is 2045561 a prime number?
False
Is 339121 prime?
True
Is 25328749 composite?
False
Is 2418443 prime?
False
Is 1473449 a prime number?
False
Is 10811998 composite?
True
Is 8885009 composite?
True
Is 1553701 a prime number?
True
Is 8183857 a composite number?
True
Is 122877371 composite?
True
Is 1618807 composite?
False
Is 77488373 a prime number?
True
Is 4138507 composite?
False
Is 377054267 composite?
True
Is 17333201 a composite number?
True
Is 646823 a prime number?
True
Is 80042941 composite?
True
Is 1743491 a prime number?
True
Is 2364149 prime?
True
Is 5282587 a composite number?
False
Is 9263 composite?
True
Is 3845221 a prime number?
True
Is 48688645 composite?
True
Is 31817711 prime?
False
Is 30803 a prime number?
True
Is 32809247 a composite number?
True
Is 42812957 a prime number?
False
Is 122279047 a composite number?
True
Is 5166061 prime?
True
Is 1171193 a prime number?
False
Is 53220289 a prime number?
True
Is 145820603 a composite number?
True
Is 2773891 a prime number?
True
Is 87293099 a prime number?
False
Is 312397769 composite?
False
Is 174342919 prime?
False
Is 417259651 prime?
True
Is 725779 composite?
True
Is 70233869 a prime number?
True
Is 4540222 prime?
False
Is 2612689 prime?
False
Is 1037249 composite?
False
Is 560513 composite?
True
Is 14132247 a prime number?
False
Is 28148249 a prime number?
True
Is 3753307 a composite number?
False
Is 7189627 composite?
False
Is 52288619 a prime number?
False
Is 527869 composite?
False
Is 2741351 prime?
True
Is 114266749 composite?
True
Is 22825505 a composite number?
True
Is 3660497 a composite number?
False
Is 33411059 prime?
False
Is 87959849 composite?
False
Is 225265 prime?
False
Is 93154247 a prime number?
True
Is 225679 composite?
True
Is 2994067 prime?
True
Is 5477113 composite?
True
Is 166031 a composite number?
False
Is 58838371 prime?
False
Is 2109641 a composite number?
False
Is 60069787 a prime number?
True
Is 1943945 prime?
False
Is 12045911 a prime number?
False
Is 2540011 composite?
False
Is 80489 prime?
True
Is 955421 a prime number?
False
Is 48677839 prime?
False
Is 5180311 a prime number?
False
Is 8054801 prime?
False
Is 37227943 a prime number?
False
Is 167585023 a prime number?
False
Is 12491359 a composite number?
True
Is 3996743 a composite number?
False
Is 175943267 a composite number?
False
Is 2444993 a composite number?
True
Is 4416577 composite?
True
Is 164938889 a prime number?
True
Is 316425035 a prime number?
False
Is 56455513 prime?
True
Is 222581 a prime number?
False
Is 874829 composite?
True
Is 147718943 a prime number?
True
Is 489443 a prime number?
False
Is 13287589 a composite number?
True
Is 1141351 a composite number?
False
Is 559478263 a composite number?
False
Is 6034829 prime?
False
Is 24377497 composite?
False
Is 364087 composite?
True
Is 1348027 composite?
False
Is 12341621 a prime number?
False
Is 629115686 composite?
True
Is 19315523 composite?
True
Is 13204949 a composite number?
False
Is 799091 composite?
False
Is 1101514 composite?
True
Is 91121 prime?
True
Is 6386591 a prime number?
False
Is 55184117 a composite number?
False
Is 49320199 prime?
True
Is 5131757 prime?
True
Is 2657069 a composite number?
False
Is 75898363 a prime number?
False
Is 100459 composite?
False
Is 50883671 composite?
False
Is 15072011 prime?
True
Is 3603703 a composite number?
False
Is 459659 a prime number?
False
Is 5972591 a prime number?
False
Is 78707789 a prime number?
False
Is 566047 a composite number?
False
Is 823591 a prime number?
True
Is 193541 composite?
False
Is 855655 composite?
True
Is 406727947 composite?
False
Is 126904909 a prime number?
False
Is